Nov 30 21:16:09.191 INFO testing ward/rusty-butler against master#8940af3cea4a9a9deabcaf843b2f8cad9a83fc61 for beta-1.31-5
Nov 30 21:16:09.193 INFO running `"docker" "create" "-v" "/mnt/big/crater/work/local/target-dirs/beta-1.31-5/worker-5/master#8940af3cea4a9a9deabcaf843b2f8cad9a83fc61:/target:rw,Z" "-v" "/mnt/big/crater/work/local/test-source/worker-5/beta-1.31-5/master#8940af3cea4a9a9deabcaf843b2f8cad9a83fc61:/source:ro,Z" "-v" "/mnt/big/crater/work/local/cargo-home:/cargo-home:ro,Z" "-v" "/mnt/big/crater/work/local/rustup-home:/rustup-home:ro,Z" "-e" "USER_ID=1000" "-e" "SOURCE_DIR=/source" "-e" "USER_ID=1000" "-e" "CMD=cargo +8940af3cea4a9a9deabcaf843b2f8cad9a83fc61-alt build --frozen" "-e" "CARGO_TARGET_DIR=/target" "-e" "CARGO_INCREMENTAL=0" "-e" "RUST_BACKTRACE=full" "-e" "RUSTFLAGS=--cap-lints=warn" "-e" "CARGO_HOME=/cargo-home" "-e" "RUSTUP_HOME=/rustup-home" "-m" "1536M" "--network" "none" "crater"`
Nov 30 21:16:09.697 INFO [stdout] dde2afcdb66fe97240a445b48436128cb6aaec2f74cf1890599dcef666191ad2
Nov 30 21:16:09.701 INFO running `"docker" "start" "-a" "dde2afcdb66fe97240a445b48436128cb6aaec2f74cf1890599dcef666191ad2"`
Nov 30 21:16:10.967 INFO [stderr] usermod: no changes
Nov 30 21:16:11.483 INFO [stderr]    Compiling bitflags v0.4.0
Nov 30 21:16:11.487 INFO [stderr]    Compiling strsim v0.5.2
Nov 30 21:16:11.487 INFO [stderr]    Compiling json v0.10.3
Nov 30 21:16:11.488 INFO [stderr]    Compiling bufstream v0.1.4
Nov 30 21:16:11.515 INFO [stderr]    Compiling rust-gmp v0.3.2
Nov 30 21:16:11.516 INFO [stderr]    Compiling xml-rs v0.3.6
Nov 30 21:16:11.516 INFO [stderr]    Compiling tokio-timer v0.1.2
Nov 30 21:16:11.516 INFO [stderr]    Compiling smallvec v0.6.5
Nov 30 21:16:12.459 INFO [stderr]    Compiling nix v0.7.0
Nov 30 21:16:13.040 INFO [stderr]    Compiling encoding_rs v0.8.10
Nov 30 21:16:19.426 INFO [stderr]    Compiling toml v0.4.8
Nov 30 21:16:19.449 INFO [stderr]    Compiling tokio-mockstream v1.1.0
Nov 30 21:16:19.551 INFO [stderr]    Compiling chrono v0.4.6
Nov 30 21:16:19.800 INFO [stderr]    Compiling syn v0.15.11
Nov 30 21:16:19.879 INFO [stderr]    Compiling hyper v0.10.13
Nov 30 21:16:22.464 INFO [stderr]    Compiling parking_lot_core v0.3.1
Nov 30 21:16:49.868 INFO [stderr]    Compiling parking_lot v0.6.4
Nov 30 21:16:50.019 INFO [stderr]    Compiling parse-zoneinfo v0.1.1
Nov 30 21:16:50.111 INFO [stderr]    Compiling chrono v0.2.25
Nov 30 21:16:50.529 INFO [stderr]    Compiling tokio-tls v0.2.0
Nov 30 21:17:08.363 INFO [stderr]    Compiling tokio-reactor v0.1.6
Nov 30 21:17:09.215 INFO [stderr]    Compiling chrono-humanize v0.0.6
Nov 30 21:17:09.344 INFO [stderr]    Compiling chrono-tz v0.2.5
Nov 30 21:17:09.499 INFO [stderr]    Compiling serde_derive v1.0.79
Nov 30 21:17:09.608 INFO [stderr]    Compiling linefeed v0.2.6
Nov 30 21:17:09.747 INFO [stderr]    Compiling mime_guess v2.0.0-alpha.6
Nov 30 21:17:10.551 INFO [stderr]    Compiling hyper-native-tls v0.2.4
Nov 30 21:17:16.371 INFO [stderr]    Compiling tokio-udp v0.1.2
Nov 30 21:17:16.371 INFO [stderr]    Compiling tokio-tcp v0.1.2
Nov 30 21:17:16.371 INFO [stderr]    Compiling tokio-uds v0.2.2
Nov 30 21:17:21.187 INFO [stderr]    Compiling tokio v0.1.11
Nov 30 21:17:25.371 INFO [stderr]    Compiling tokio-core v0.1.17
Nov 30 21:17:29.639 INFO [stderr]    Compiling hyper v0.11.27
Nov 30 21:17:29.639 INFO [stderr]    Compiling tokio-tls v0.1.4
Nov 30 21:17:43.251 INFO [stderr]    Compiling irc v0.13.6
Nov 30 21:17:53.259 INFO [stderr]    Compiling hyper-tls v0.1.4
Nov 30 21:17:55.632 INFO [stderr]    Compiling reqwest v0.8.8
Nov 30 21:18:16.204 INFO [stderr]    Compiling rink v0.4.3
Nov 30 21:18:35.859 INFO [stderr]    Compiling rusty-butler v0.1.0 (/source)
Nov 30 21:18:37.959 INFO [stderr] warning: method is never used: `to_file`
Nov 30 21:18:37.960 INFO [stderr]    --> src/plugins/strava.rs:399:5
Nov 30 21:18:37.960 INFO [stderr]     |
Nov 30 21:18:37.960 INFO [stderr] 399 |     pub fn to_file(&self, filename: &str) {
Nov 30 21:18:37.961 INFO [stderr]     |     ^^^^^^^^^^^^^^^^^^^^^^^^^^^^^^^^^^^^^
Nov 30 21:18:37.961 INFO [stderr]     |
Nov 30 21:18:37.961 INFO [stderr]     = note: #[warn(dead_code)] on by default
Nov 30 21:18:37.962 INFO [stderr] 
Nov 30 21:18:37.962 INFO [stderr] warning: method is never used: `get_nicks`
Nov 30 21:18:37.962 INFO [stderr]    --> src/plugins/strava.rs:411:5
Nov 30 21:18:37.963 INFO [stderr]     |
Nov 30 21:18:37.963 INFO [stderr] 411 |     pub fn get_nicks(&self, strava_id: u64) -> Option<Vec<String>> {
Nov 30 21:18:37.963 INFO [stderr]     |     ^^^^^^^^^^^^^^^^^^^^^^^^^^^^^^^^^^^^^^^^^^^^^^^^^^^^^^^^^^^^^^
Nov 30 21:18:37.963 INFO [stderr] 
Nov 30 21:18:37.964 INFO [stderr] warning: method is never used: `get_strava_id`
Nov 30 21:18:37.964 INFO [stderr]    --> src/plugins/strava.rs:423:5
Nov 30 21:18:37.964 INFO [stderr]     |
Nov 30 21:18:37.965 INFO [stderr] 423 |     pub fn get_strava_id(&self, nick: &str) -> Option<u64> {
Nov 30 21:18:37.965 INFO [stderr]     |     ^^^^^^^^^^^^^^^^^^^^^^^^^^^^^^^^^^^^^^^^^^^^^^^^^^^^^^
Nov 30 21:18:37.965 INFO [stderr] 
Nov 30 21:18:37.966 INFO [stderr] warning: method is never used: `insert_connection`
Nov 30 21:18:37.966 INFO [stderr]    --> src/plugins/strava.rs:433:5
Nov 30 21:18:37.966 INFO [stderr]     |
Nov 30 21:18:37.967 INFO [stderr] 433 |     pub fn insert_connection(&mut self, strava_id: u64, nick: &str) {
Nov 30 21:18:37.967 INFO [stderr]     |     ^^^^^^^^^^^^^^^^^^^^^^^^^^^^^^^^^^^^^^^^^^^^^^^^^^^^^^^^^^^^^^^
Nov 30 21:18:37.967 INFO [stderr] 
Nov 30 21:18:37.967 INFO [stderr] warning: method is never used: `remove_nick`
Nov 30 21:18:37.968 INFO [stderr]    --> src/plugins/strava.rs:445:5
Nov 30 21:18:37.968 INFO [stderr]     |
Nov 30 21:18:37.968 INFO [stderr] 445 |     pub fn remove_nick(&mut self, nick: &str) {
Nov 30 21:18:37.968 INFO [stderr]     |     ^^^^^^^^^^^^^^^^^^^^^^^^^^^^^^^^^^^^^^^^^
Nov 30 21:18:37.969 INFO [stderr] 
Nov 30 21:18:37.969 INFO [stderr] warning: method is never used: `remove_strava_id`
Nov 30 21:18:37.969 INFO [stderr]    --> src/plugins/strava.rs:457:5
Nov 30 21:18:37.970 INFO [stderr]     |
Nov 30 21:18:37.970 INFO [stderr] 457 |     pub fn remove_strava_id(&mut self, strava_id: u64) {
Nov 30 21:18:37.970 INFO [stderr]     |     ^^^^^^^^^^^^^^^^^^^^^^^^^^^^^^^^^^^^^^^^^^^^^^^^^^
Nov 30 21:18:37.970 INFO [stderr] 
Nov 30 21:18:54.295 INFO [stderr]     Finished dev [unoptimized + debuginfo] target(s) in 2m 43s
Nov 30 21:18:54.322 INFO [stderr] su: No module specific data is present
Nov 30 21:18:55.366 INFO running `"docker" "inspect" "dde2afcdb66fe97240a445b48436128cb6aaec2f74cf1890599dcef666191ad2"`
Nov 30 21:18:55.703 INFO running `"docker" "rm" "-f" "dde2afcdb66fe97240a445b48436128cb6aaec2f74cf1890599dcef666191ad2"`
Nov 30 21:18:55.991 INFO [stdout] dde2afcdb66fe97240a445b48436128cb6aaec2f74cf1890599dcef666191ad2
Nov 30 21:18:55.997 INFO running `"docker" "create" "-v" "/mnt/big/crater/work/local/target-dirs/beta-1.31-5/worker-5/master#8940af3cea4a9a9deabcaf843b2f8cad9a83fc61:/target:rw,Z" "-v" "/mnt/big/crater/work/local/test-source/worker-5/beta-1.31-5/master#8940af3cea4a9a9deabcaf843b2f8cad9a83fc61:/source:ro,Z" "-v" "/mnt/big/crater/work/local/cargo-home:/cargo-home:ro,Z" "-v" "/mnt/big/crater/work/local/rustup-home:/rustup-home:ro,Z" "-e" "USER_ID=1000" "-e" "SOURCE_DIR=/source" "-e" "USER_ID=1000" "-e" "CMD=cargo +8940af3cea4a9a9deabcaf843b2f8cad9a83fc61-alt test --frozen --no-run" "-e" "CARGO_TARGET_DIR=/target" "-e" "CARGO_INCREMENTAL=0" "-e" "RUST_BACKTRACE=full" "-e" "RUSTFLAGS=--cap-lints=warn" "-e" "CARGO_HOME=/cargo-home" "-e" "RUSTUP_HOME=/rustup-home" "-m" "1536M" "--network" "none" "crater"`
Nov 30 21:18:56.448 INFO [stdout] 3d9c06da08345b126fe96cec88638936c0de11333bb76efc7c4841b545299add
Nov 30 21:18:56.455 INFO running `"docker" "start" "-a" "3d9c06da08345b126fe96cec88638936c0de11333bb76efc7c4841b545299add"`
Nov 30 21:18:57.788 INFO [stderr] usermod: no changes
Nov 30 21:18:58.220 INFO [stderr]    Compiling rusty-butler v0.1.0 (/source)
Nov 30 21:19:07.385 INFO [stderr]     Finished dev [unoptimized + debuginfo] target(s) in 9.56s
Nov 30 21:19:07.402 INFO [stderr] su: No module specific data is present
Nov 30 21:19:08.175 INFO running `"docker" "inspect" "3d9c06da08345b126fe96cec88638936c0de11333bb76efc7c4841b545299add"`
Nov 30 21:19:08.474 INFO running `"docker" "rm" "-f" "3d9c06da08345b126fe96cec88638936c0de11333bb76efc7c4841b545299add"`
Nov 30 21:19:08.751 INFO [stdout] 3d9c06da08345b126fe96cec88638936c0de11333bb76efc7c4841b545299add
Nov 30 21:19:08.755 INFO running `"docker" "create" "-v" "/mnt/big/crater/work/local/target-dirs/beta-1.31-5/worker-5/master#8940af3cea4a9a9deabcaf843b2f8cad9a83fc61:/target:rw,Z" "-v" "/mnt/big/crater/work/local/test-source/worker-5/beta-1.31-5/master#8940af3cea4a9a9deabcaf843b2f8cad9a83fc61:/source:ro,Z" "-v" "/mnt/big/crater/work/local/cargo-home:/cargo-home:ro,Z" "-v" "/mnt/big/crater/work/local/rustup-home:/rustup-home:ro,Z" "-e" "USER_ID=1000" "-e" "SOURCE_DIR=/source" "-e" "USER_ID=1000" "-e" "CMD=cargo +8940af3cea4a9a9deabcaf843b2f8cad9a83fc61-alt test --frozen" "-e" "CARGO_TARGET_DIR=/target" "-e" "CARGO_INCREMENTAL=0" "-e" "RUST_BACKTRACE=full" "-e" "RUSTFLAGS=--cap-lints=warn" "-e" "CARGO_HOME=/cargo-home" "-e" "RUSTUP_HOME=/rustup-home" "-m" "1536M" "--network" "none" "crater"`
Nov 30 21:19:09.220 INFO [stdout] cac668dcc52b8bc41aecb5fd09951b704b150514d10ed7f596e2d71091dd2ac2
Nov 30 21:19:09.222 INFO running `"docker" "start" "-a" "cac668dcc52b8bc41aecb5fd09951b704b150514d10ed7f596e2d71091dd2ac2"`
Nov 30 21:19:10.485 INFO [stderr] usermod: no changes
Nov 30 21:19:10.810 INFO [stderr]     Finished dev [unoptimized + debuginfo] target(s) in 0.30s
Nov 30 21:19:10.827 INFO [stderr]      Running /target/debug/deps/rusty_butler_lib-02727e9f2756684a
Nov 30 21:19:10.833 INFO [stdout] 
Nov 30 21:19:10.833 INFO [stdout] running 12 tests
Nov 30 21:19:10.835 INFO [stdout] test plugins::calc::tests::calc_input ... ok
Nov 30 21:19:10.839 INFO [stdout] test plugins::calc::tests::calc_matches ... ok
Nov 30 21:19:10.867 INFO [stdout] test plugins::strava::tests::irc_highlight_prevention ... ok
Nov 30 21:19:10.868 INFO [stdout] test plugins::strava::tests::match_club_and_unicode ... ok
Nov 30 21:19:10.891 INFO [stdout] test plugins::strava::tests::match_club ... ok
Nov 30 21:19:11.247 INFO [stdout] test plugins::strava::tests::strava_irc_link ... FAILED
Nov 30 21:19:21.747 INFO [stdout] test plugins::calc::tests::rink_calcer ... ok
Nov 30 21:19:23.852 INFO [stdout] test plugins::calc::tests::pace_conversion ... ok
Nov 30 21:19:24.911 INFO [stdout] test plugins::calc::tests::shortcut ... ok
Nov 30 21:19:25.499 INFO [stdout] test plugins::calc::tests::unicode_line ... ok
Nov 30 21:19:25.523 INFO [stdout] test plugins::calc::tests::rink_degree_conversion ... ok
Nov 30 21:19:25.604 INFO [stdout] test plugins::calc::tests::cm_to_feet ... ok
Nov 30 21:19:25.604 INFO [stdout] 
Nov 30 21:19:25.604 INFO [stdout] failures:
Nov 30 21:19:25.604 INFO [stdout] 
Nov 30 21:19:25.604 INFO [stdout] ---- plugins::strava::tests::strava_irc_link stdout ----
Nov 30 21:19:25.604 INFO [stdout] thread 'plugins::strava::tests::strava_irc_link' panicked at 'Failed to save, Read-only file system (os error 30)', src/plugins/strava.rs:407:23
Nov 30 21:19:25.604 INFO [stdout] stack backtrace:
Nov 30 21:19:25.604 INFO [stdout]    0:     0x55e7eae2898f - std::sys::unix::backtrace::tracing::imp::unwind_backtrace::h3a8b83e1922cbdde
Nov 30 21:19:25.604 INFO [stdout]                                at libstd/sys/unix/backtrace/tracing/gcc_s.rs:49
Nov 30 21:19:25.604 INFO [stdout]    1:     0x55e7eae320b7 - std::sys_common::backtrace::print::h00d3155a29b4020f
Nov 30 21:19:25.604 INFO [stdout]                                at libstd/sys_common/backtrace.rs:71
Nov 30 21:19:25.604 INFO [stdout]                                at libstd/sys_common/backtrace.rs:59
Nov 30 21:19:25.604 INFO [stdout]    2:     0x55e7eae2cb8f - std::panicking::default_hook::{{closure}}::hd7465c742e79e1bb
Nov 30 21:19:25.604 INFO [stdout]                                at libstd/panicking.rs:211
Nov 30 21:19:25.604 INFO [stdout]    3:     0x55e7eae2c88e - std::panicking::default_hook::h9e3966f2aa2a6e12
Nov 30 21:19:25.604 INFO [stdout]                                at libstd/panicking.rs:221
Nov 30 21:19:25.604 INFO [stdout]    4:     0x55e7eae2d26e - std::panicking::rust_panic_with_hook::h587f091ae747d080
Nov 30 21:19:25.604 INFO [stdout]                                at libstd/panicking.rs:476
Nov 30 21:19:25.604 INFO [stdout]    5:     0x55e7eae2ce11 - std::panicking::continue_panic_fmt::hb3a4fdede87f43a8
Nov 30 21:19:25.604 INFO [stdout]                                at libstd/panicking.rs:390
Nov 30 21:19:25.605 INFO [stdout]    6:     0x55e7eae2cd5e - std::panicking::begin_panic_fmt::h387afc7da9a10555
Nov 30 21:19:25.605 INFO [stdout]                                at libstd/panicking.rs:345
Nov 30 21:19:25.605 INFO [stdout]    7:     0x55e7ea77b3a3 - rusty_butler_lib::plugins::strava::StravaIrcLink::to_file::h44ae2650a3addabd
Nov 30 21:19:25.605 INFO [stdout]                                at src/plugins/strava.rs:407
Nov 30 21:19:25.605 INFO [stdout]    8:     0x55e7ea787234 - rusty_butler_lib::plugins::strava::tests::strava_irc_link::h79fa8e6cadcf507a
Nov 30 21:19:25.605 INFO [stdout]                                at src/plugins/strava.rs:496
Nov 30 21:19:25.605 INFO [stdout]    9:     0x55e7ea786c99 - rusty_butler_lib::plugins::strava::tests::strava_irc_link::{{closure}}::h59180b1a437e2bab
Nov 30 21:19:25.605 INFO [stdout]                                at src/plugins/strava.rs:486
Nov 30 21:19:25.605 INFO [stdout]   10:     0x55e7ea78ba8d - core::ops::function::FnOnce::call_once::ha4885be30a1f5bd0
Nov 30 21:19:25.605 INFO [stdout]                                at libcore/ops/function.rs:238
Nov 30 21:19:25.605 INFO [stdout]   11:     0x55e7ea79299e - <F as alloc::boxed::FnBox<A>>::call_box::hac903f91577a156c
Nov 30 21:19:25.605 INFO [stdout]                                at libtest/lib.rs:1468
Nov 30 21:19:25.605 INFO [stdout]                                at libcore/ops/function.rs:238
Nov 30 21:19:25.605 INFO [stdout]                                at liballoc/boxed.rs:672
Nov 30 21:19:25.605 INFO [stdout]   12:     0x55e7eae3d069 - __rust_maybe_catch_panic
Nov 30 21:19:25.605 INFO [stdout]                                at libpanic_unwind/lib.rs:102
Nov 30 21:19:25.605 INFO [stdout]   13:     0x55e7ea7b45f2 - std::sys_common::backtrace::__rust_begin_short_backtrace::hb8f0d0309526c184
Nov 30 21:19:25.605 INFO [stdout]                                at libstd/panicking.rs:289
Nov 30 21:19:25.605 INFO [stdout]                                at libstd/panic.rs:392
Nov 30 21:19:25.605 INFO [stdout]                                at libtest/lib.rs:1423
Nov 30 21:19:25.605 INFO [stdout]                                at libstd/sys_common/backtrace.rs:136
Nov 30 21:19:25.605 INFO [stdout]   14:     0x55e7ea7b50a4 - std::panicking::try::do_call::hc2f7c8b9a348d8db
Nov 30 21:19:25.605 INFO [stdout]                                at libstd/thread/mod.rs:409
Nov 30 21:19:25.605 INFO [stdout]                                at libstd/panic.rs:313
Nov 30 21:19:25.605 INFO [stdout]                                at libstd/panicking.rs:310
Nov 30 21:19:25.605 INFO [stdout]   15:     0x55e7eae3d069 - __rust_maybe_catch_panic
Nov 30 21:19:25.605 INFO [stdout]                                at libpanic_unwind/lib.rs:102
Nov 30 21:19:25.605 INFO [stdout]   16:     0x55e7ea7a22dc - <F as alloc::boxed::FnBox<A>>::call_box::h6bfded618e480b32
Nov 30 21:19:25.605 INFO [stdout]                                at libstd/panicking.rs:289
Nov 30 21:19:25.605 INFO [stdout]                                at libstd/panic.rs:392
Nov 30 21:19:25.605 INFO [stdout]                                at libstd/thread/mod.rs:408
Nov 30 21:19:25.605 INFO [stdout]                                at liballoc/boxed.rs:672
Nov 30 21:19:25.605 INFO [stdout]   17:     0x55e7eae2a87d - std::sys_common::thread::start_thread::h4c28257d67cdf9cb
Nov 30 21:19:25.605 INFO [stdout]                                at liballoc/boxed.rs:682
Nov 30 21:19:25.605 INFO [stdout]                                at libstd/sys_common/thread.rs:24
Nov 30 21:19:25.605 INFO [stdout]   18:     0x55e7eae1d055 - std::sys::unix::thread::Thread::new::thread_start::hfecb2e7eff8fd34f
Nov 30 21:19:25.605 INFO [stdout]                                at libstd/sys/unix/thread.rs:90
Nov 30 21:19:25.605 INFO [stdout]   19:     0x7f117b1216b9 - start_thread
Nov 30 21:19:25.605 INFO [stdout]   20:     0x7f117ac4141c - clone
Nov 30 21:19:25.605 INFO [stdout]   21:                0x0 - <unknown>
Nov 30 21:19:25.605 INFO [stdout] 
Nov 30 21:19:25.605 INFO [stdout] 
Nov 30 21:19:25.605 INFO [stdout] failures:
Nov 30 21:19:25.605 INFO [stdout]     plugins::strava::tests::strava_irc_link
Nov 30 21:19:25.605 INFO [stdout] 
Nov 30 21:19:25.605 INFO [stdout] test result: FAILED. 11 passed; 1 failed; 0 ignored; 0 measured; 0 filtered out
Nov 30 21:19:25.605 INFO [stdout] 
Nov 30 21:19:25.614 INFO [stderr] error: test failed, to rerun pass '--lib'
Nov 30 21:19:25.614 INFO [stderr] su: No module specific data is present
Nov 30 21:19:26.349 INFO running `"docker" "inspect" "cac668dcc52b8bc41aecb5fd09951b704b150514d10ed7f596e2d71091dd2ac2"`
Nov 30 21:19:26.621 INFO running `"docker" "rm" "-f" "cac668dcc52b8bc41aecb5fd09951b704b150514d10ed7f596e2d71091dd2ac2"`
Nov 30 21:19:26.947 INFO [stdout] cac668dcc52b8bc41aecb5fd09951b704b150514d10ed7f596e2d71091dd2ac2
